 -2*w - 2. Let m be s(-3). Suppose 163 = -m*f + 963. What is the greatest common factor of f and i?
25
Let g be 270/(-36)*-8 - (7 + 1). Calculate the highest common divisor of 507 and g.
13
Let h(d) = -2*d**2 - 37*d - 77. Let z be h(-16). Suppose -4*a + 27 = 5*t, 4*a - 4*t + t = z. Calculate the highest common divisor of a and 8.
1
Suppose -2*m + 4*x - 11 = -1073, 12 = 3*x. Calculate the greatest common divisor of 931 and m.
49
Let t be (21/(-9))/((-595)/3060). Let s(n) = -n**3 - 5*n**2 + 5*n - 2. Let d be s(-6). What is the greatest common factor of t and d?
4
Suppose 5*h + 9*o - 11*o = 420, 4*o = 2*h - 168. Suppose 5*n - 3*i - 228 = 0, -n + 3*i + h = n. Calculate the highest common factor of n and 80.
16
Suppose 0 = 34*f + 16*f - 5241 - 1809. Calculate the greatest common factor of 1457 and f.
47
Let b be (-3 - -5)/4*7/(84/5424). Calculate the highest common factor of 2825 and b.
113
Let j = 63 + 0. Let d be (-6)/9 + 29150/66. What is the greatest common factor of d and j?
63
Suppose 0 = 2*c - 13*k + 16*k - 27, 4*c - 42 = -2*k. Suppose c*h = h + 696. Calculate the highest common divisor of h and 232.
29
Let g = -75239 - -75745. Suppose 3*c - 154 = -16. Calculate the greatest common divisor of g and c.
46
Suppose -1 = -t - 0*t - 3*a, 65 = 5*t + 3*a. Suppose -312 = -114*b + 88*b. What is the highest common factor of t and b?
4
Let r be (-4620)/(-9) - 0 - 40/120. Calculate the greatest common factor of r and 76.
19
Let t(x) = -17*x + 1238. Let q be t(70). Calculate the greatest common factor of q and 162.
6
Let l(o) = 103*o - 6. Let d be l(7). Let a(s) = -551*s**2 + 29205*s - 51. Let m be a(53). What is the greatest common factor of d and m?
55
Suppose 5*g - 4 - 236 = 0. Let z be (1 - (-113)/(-5))/((-1050)/3500). Calculate the greatest common divisor of z and g.
24
Suppose -4*p + 65 = p. Let m(s) = 8678*s + 43403. Let g be m(-5). What is the highest common divisor of p and g?
13
Suppose 0 = -5*r + 5*o + 365, 0 = -5*o + 3 + 12. Suppose -96*p + 94*p - 2*x = -158, 2*x - 6 = 0. Calculate the greatest common divisor of r and p.
76
Let u = 2229 + -2196. Calculate the greatest common factor of 4224 and u.
33
Suppose -103 = 7*j - 642. Suppose -120 = -j*l + 72*l. Calculate the highest common divisor of l and 312.
24
Let q(c) be the third derivative of c**4/12 + 82*c**3/3 + c**2 - 22. Let o be q(17). What is the greatest common factor of o and 88?
22
Suppose -4*r + 88 = -5*h, -3*r + 5*h + 34 = -27. Suppose r*w = 34*w - 28. Calculate the highest common divisor of w and 14.
2
Suppose 3*l + 4*c = 1624, -3*l - 63*c + 1615 = -68*c. Let k = -30 - -50. What is the greatest common factor of k and l?
20
Let v(s) = 5*s + 18. Suppose 1 = l, 2*x + 4*l = l + 21. Let o be v(x). What is the highest common factor of o and 7?
7
Let l be (-4)/(-108)*-141 + 5 + (-1990)/(-45). What is the greatest common factor of l and 4?
4
Let r(o) = -26*o - 34. Suppose -5*z - 4 = -4*z. Let a be r(z). What is the greatest common factor of a and 10?
10
Let c = 652 - -166. Let t = 1148 - c. What is the highest common divisor of t and 30?
30
Let f = 4907 + 389. What is the highest common factor of 32 and f?
16
Let l = 5138 - 5107. Let n(m) be the third derivative of m**5/60 - m**4/6 + 5*m**3/3 + 3*m**2. Let j be n(7). Calculate the greatest common factor of j and l.
31
Let l be 15/5 + (4 - 1) + 1098*3. Calculate the greatest common factor of 6 and l.
6
Let m(c) = 421*c**3 - 56*c**2 + 205*c. Let y be m(4). What is the highest common divisor of y and 36?
12
Suppose 0 = w + 5*h - 43, -4*w - 2*h + 40 = -42. Suppose -37 = -28*a + 215. Calculate the greatest common divisor of w and a.
9
Let w = -8 + 6. Let f(s) = s**3 + 3*s**2 + 6*s - 2. Let n be f(-2). Let z be (n/(-20))/(w/(-32)). What is the greatest common factor of z and 64?
8
Let l = -43258 - -43283. Let q(y) = 48*y**2 - 4*y + 5. Let i be q(-5). What is the greatest common divisor of i and l?
25
Let s(n) = 5*n**2 + 11*n + 4. Suppose -4*y - 14 = u + 1, 4*y - 3*u + 19 = 0. Let w be s(y). Calculate the greatest common divisor of 10 and w.
10
Suppose 0 = 6*o - 90 - 582. Suppose 2*v - 5*n = v + 28, -n = 4*v - o. Let y be ((-17 - -1) + 2)/(-1). What is the highest common factor of y and v?
14
Suppose -3*j = 6*j - 207. Suppose j*i - 1134 = 2*i. What is the highest common divisor of i and 36?
18
Suppose 6 = -4*r - 2, -v + 3*r + 119 = 0. Let y = v - 110. Suppose 6*s = y*s + 162. Calculate the greatest common factor of 72 and s.
18
Let z = 130 - 125. Suppose z*g = -87 + 132. Suppose 5*r + 180 = 5*w, -3*w + 144 = w + 2*r. Calculate the greatest common divisor of g and w.
9
Suppose s + 11631 = 11*y, 0 = 4*y - 46*s + 47*s - 4239. Suppose -3*z - 66 = -u + z, 128 = 3*u + 2*z. What is the highest common factor of y and u?
46
Let z(y) = -54*y - 504. Let h be z(-21). Calculate the greatest common factor of h and 280.
70
Let b be (-5 + (12 - 72))*-6. What is the greatest common factor of 60 and b?
30
Suppose 12*a = -5*o + 11*a + 512, o - 5*a - 118 = 0. Let k = o + 182. Calculate the highest common factor of 75 and k.
15
Let g(k) = k + 31. Let i be g(10). Suppose i = 9*r + 5. Suppose -u = 4*a + 2 - 0, -3*u + 10 = -r*a. What is the highest common factor of 14 and u?
2
Let j = 352 + -211. Suppose -3*p = 30 - j. Let a be 259/21*(25 - -2). What is the greatest common divisor of a and p?
37
Let p(w) = -42*w - 12. Let f(v) = 4*v - 4. Let k be f(0). Let n be p(k). Suppose 4*s = n - 20. Calculate the highest common divisor of 85 and s.
17
Suppose 32 + 32 = 16*d. Suppose 23 = -3*t + 4*g, 0 = -t + 3*g + g - 13. Let h = t + 11. What is the greatest common divisor of h and d?
2
Let h(p) = -p**3 + 49*p**2 - 79*p - 32. Let q be h(37). Calculate the highest common divisor of 27 and q.
27
Suppose 3*i - 4*i = -2. Suppose -i*l + 240 = 2*l. Let t(j) = 2*j + 20. Let g be t(10). Calculate the greatest common factor of g and l.
20
Suppose 0 = 28*p - 18*p - 90. Let i(j) = j**3 - 10*j**2 + 9*j + 20. Let g be i(p). What is the greatest common factor of g and 580?
20
Let b = -2524 + 2588. What is the highest common factor of 4672 and b?
64
Let r(n) = -3*n + 6. Let p = 63 + -36. Suppose -2*x - p = -1. Let v be r(x). What is the greatest common factor of v and 9?
9
Let r(g) = 978*g + 36. Let y be r(0). Let o(x) = 49*x**3 - 1. Let h be o(1). Calculate the greatest common divisor of y and h.
12
Suppose 3*b - 128 = 3*d - 14, 0 = 4*b + d - 137. Calculate the highest common divisor of b and 2170.
35
Let y be 9/3*30396/36. What is the greatest common factor of y and 68?
17
Suppose 0 = 60*j - 1272 - 4248. What is the greatest common factor of j and 9844?
92
Suppose -5*m = 4*v - 6*v + 3, v = -m + 5. Suppose y - 9 = -2*i + 18, v*y + i = 115. What is the greatest common factor of 87 and y?
29
Let y be (873/(-3))/(-8 + (-123)/(-15)). Let j = -31 - y. Calculate the greatest common factor of 16 and j.
16
Let p = -1737 + 14061. What is the highest common factor of 26 and p?
26
Let y(z) = 246*z - 1467. Let w be y(6). What is the greatest common factor of w and 2007?
9
Let p be 1/(-22)*-4 - 13148/(-44). Let u = 310 - p. Let l = -26 + 37. Calculate the highest common divisor of l and u.
11
Suppose -98 = 2*w + 14. Let z be 3 - w - (-2)/2. Let v(d) = 6*d - 32. Let n be v(12). Calculate the highest common factor of z and n.
20
Let t be ((-5742)/(-5))/18 - (-3)/15. Calculate the highest common divisor of t and 88.
8
Suppose 49 = -5*y - 2*o - 101, -3*o = 5*y + 150. Let c be (24/y)/(4/(-10)). What is the highest common factor of 3 and c?
1
Suppose -5*i + 2*b - b + 27 = 0, -3*b = 5*i - 39. Let x = -73 - -91. What is the greatest common divisor of i and x?
6
Suppose 105 + 247 = -8*q. Let o = 244 + q. What is the greatest common factor of 25 and o?
25
Suppose -3*h + 4*s + 193 = 0, h = 2*h - 3*s - 71. What is the greatest common divisor of 16697 and h?
59
Let l be 71 + (-23)/(23/9). What is the greatest common factor of l and 4867?
31
Let r = 91 + -86. Suppose r*h + 4*i - 20 = 0, -h - 20 = -6*h + 4*i. Suppose h*l = -0*l + 48. Calculate the greatest common factor of 6 and l.
6
Let b(l) = 26*l + 10. Let g be b(5). Let h be ((-18)/63)/(17/(-1190)). Calculate the greatest common divisor of g and h.
20
Let u = -3479 + 3709. Calculate the highest common divisor of 40 and u.
10
Let o be (-1)/((77/49)/11). Let q be 16